f 107816541 and 12.
3
Calculate the highest common factor of 14898301 and 22.
11
What is the greatest common factor of 8631409 and 425115?
3149
What is the greatest common divisor of 227550 and 1575?
75
What is the greatest common divisor of 1062239 and 82503?
103
What is the highest common divisor of 875 and 465661?
7
What is the greatest common divisor of 57200 and 119275?
325
Calculate the highest common divisor of 463791688 and 1288.
184
Calculate the greatest common factor of 7302 and 14798.
2
What is the greatest common divisor of 1064 and 48082?
2
What is the highest common factor of 5383015 and 10?
5
What is the highest common factor of 1278385 and 22545?
835
Calculate the highest common divisor of 1089424 and 497.
497
What is the greatest common factor of 923 and 2798749?
71
Calculate the greatest common divisor of 9 and 6976296.
9
Calculate the highest common factor of 588668 and 143959.
401
What is the highest common factor of 25277 and 665?
7
What is the highest common factor of 157 and 12421?
1
What is the greatest common divisor of 20 and 16178240?
20
Calculate the highest common divisor of 233201508 and 138.
138
Calculate the highest common divisor of 688257 and 10034957.
8497
What is the greatest common divisor of 4990979 and 595?
119
What is the highest common factor of 87 and 18862441?
29
Calculate the highest common factor of 1087666 and 1580566.
3286
What is the highest common divisor of 12 and 39229?
1
Calculate the highest common divisor of 2548105 and 60865.
1645
Calculate the greatest common divisor of 294 and 11650884.
42
What is the greatest common factor of 35724073 and 22?
11
Calculate the greatest common divisor of 69134717 and 1929.
643
What is the greatest common divisor of 4435170 and 502?
502
Calculate the greatest common divisor of 24477157 and 34199.
3109
What is the greatest common factor of 1659 and 15486607?
79
Calculate the highest common divisor of 335332 and 244.
4
Calculate the highest common factor of 162101 and 198777.
173
Calculate the greatest common factor of 483 and 341607.
21
Calculate the greatest common divisor of 388702 and 49408.
386
What is the greatest common divisor of 40315225 and 100?
25
Calculate the highest common factor of 132 and 5103307.
11
Calculate the greatest common factor of 106559727 and 5515.
1103
What is the greatest common divisor of 1105 and 15331535?
85
Calculate the highest common divisor of 1440 and 74065440.
480
What is the highest common factor of 23 and 68797117?
23
Calculate the greatest common divisor of 3454533 and 7047.
9
What is the highest common factor of 116172 and 51660?
252
What is the greatest common factor of 10614 and 619638?
366
What is the greatest common factor of 312862728 and 18?
6
Calculate the greatest common factor of 1801742 and 118.
118
Calculate the greatest common divisor of 1830361 and 39.
13
What is the greatest common factor of 8169 and 6489?
21
Calculate the highest common factor of 1611584 and 448.
64
Calculate the greatest common factor of 416 and 20310784.
416
Calculate the highest common factor of 10 and 44293995.
5
Calculate the greatest common divisor of 242905968 and 396.
36
What is the highest common divisor of 2986051 and 94?
47
Calculate the highest common factor of 317758 and 3402.
14
Calculate the greatest common divisor of 5863 and 329230.
451
What is the highest common divisor of 24636134 and 31?
31
What is the greatest common factor of 733432 and 70952?
392
What is the greatest common divisor of 235 and 24512615?
235
What is the greatest common factor of 1891 and 13740860?
61
Calculate the greatest common divisor of 186 and 1476648.
6
What is the highest common divisor of 132416 and 12088?
8
What is the greatest common factor of 4994 and 3323144?
22
What is the highest common factor of 36054296 and 3912?
1304
Calculate the greatest common divisor of 44376 and 507056.
344
What is the greatest common divisor of 2854354 and 8410?
1682
Calculate the greatest common divisor of 501 and 70054997.
167
What is the highest common factor of 104259 and 6693?
69
What is the highest common factor of 3283786 and 17226?
638
What is the greatest common factor of 318 and 648294?
6
What is the greatest common factor of 4597964 and 364?
28
Calculate the highest common factor of 6689428 and 2336.
292
Calculate the greatest common factor of 34390 and 22534.
38
Calculate the greatest common factor of 51 and 1495818593.
17
Calculate the greatest common divisor of 265744 and 62238808.
7816
What is the greatest common divisor of 11624309 and 1516?
379
What is the greatest common divisor of 20845056 and 48?
48
Calculate the greatest common divisor of 221 and 392819.
17
What is the greatest common factor of 4600 and 90925?
25
Calculate the highest common divisor of 10424 and 2170829272.
10424
Calculate the greatest common factor of 43676091 and 3726.
81
Calculate the greatest common factor of 2766 and 34050.
6
What is the highest common divisor of 56 and 62396?
4
Calculate the highest common factor of 385518 and 317982.
2814
Calculate the highest common divisor of 849681 and 7119.
63
Calculate the highest common divisor of 6 and 548311221.
3
What is the greatest common factor of 2970 and 8208090?
990
What is the highest common factor of 12281264 and 112148?
2116
What is the highest common divisor of 9948 and 3525737?
829
Calculate the greatest common factor of 231892824 and 168.
24
What is the highest common factor of 1425699 and 99?
99
Calculate the greatest common divisor of 74871 and 9682.
47
Calculate the highest common divisor of 500535180 and 20.
20
What is the highest common divisor of 5659052 and 560?
28
Calculate the highest common factor of 65 and 840801.
13
What is the greatest common factor of 30 and 29004200?
10
What is the greatest common factor of 679693 and 5251?
89
Calculate the highest common divisor of 810742 and 638849.
109
What is the greatest common factor of 335659402 and 13286?
1898
What is the greatest common divisor of 41187414 and 53084?
1154
What is the highest common divisor of 1800 and 173970?
90
Calculate the highest common factor of 158012 and 140.
4
Calculate the highest common divisor of 75216179 and 362.
181
What is the greatest common factor of 77635 and 63?
1
Calculate the highest common factor of 187209015 and 147.
21
Calculate the highest common factor of 20750602 and 8236.
4118
Calculate the highest common factor of 3824925 and 85800.
975
Calculate the greatest common factor of 409184 and 29.
1
What is the highest common factor of 642671556 and 1476?
492
Calculate the greatest common divisor of 119 and 861959.
7
What is the highest common divisor of 255560 and 238120?
40
What is the greatest common divisor of 240266 and 252902?
26
What is the highest common factor of 7113904 and 632?
8
Calculate the greatest common factor of 126 and 176312646.
18
Calculate the highest common divisor of 96 and 2112456.
24
What is the highest common divisor of 104160 and 13794690?
6510
What is the highest common factor of 281010 and 8708352?
2958
What is the highest common factor of 5843111632 and 124?
124
What is the greatest common factor of 12 and 23404968?
12
Calculate the highest common divisor of 220352 and 4697.
11
Calculate the greatest common divisor of 83075 and 1182988.
3323
Calculate the highest common divisor of 133 and 58728259.
19
Calculate the greatest common divisor of 17831689 and 508.
127
What is the highest common divisor of 13950624 and 216?
24
Calculate the highest common factor of 18844 and 11760.
28
What is the highest common factor of 1312 and 7011943?
41
What is the greatest common divisor of 55 and 34539142?
11
What is the highest common divisor of 48 and 21485148?
12
Calculate the greatest common factor of 28736 and 344.
8
Calculate the greatest common divisor of 66 and 40816428.
6
Calculate the highest common divisor of 130851 and 51590.
469
What is the highest common divisor of 2922 and 199252641?
1461
Calculate the highest common factor of 10329440 and 1276.
44
What is the highest common divisor of 75 and 372705?
15
Calculate the highest common factor of 6803272 and 574.
14
What is the greatest common divisor of 2360176 and 2288?
208
Calculate the highest common factor of 312 and 13190918.
26
C